 by i?
18
Suppose -258 = u - 4*j, 4*u - 4*j = 9*u + 1266. Calculate the remainder when ((-27)/(-6))/(-9)*u is divided by 26.
23
Let o = -8 + 11. Let t(p) = 1 + 3*p**2 + 4 - o + 3 - 2*p. What is the remainder when t(5) is divided by 18?
16
What is the remainder when 1 + 5 - (-2890)/85 is divided by 25?
15
Suppose -2*y + 2*q + 60 = 0, 0*y - 5*q = y - 60. Let f be (-4)/6*12222/(-28). Let z = -153 + f. What is the remainder when z is divided by y?
33
What is the remainder when 678 is divided by 11 - (-1)/(5/45)?
18
Suppose -62 = -4*r - 18. Suppose r*u - 15*u + 164 = 0. What is the remainder when u is divided by 14?
13
Suppose 5*f = 33 + 117. Let n = 180 - f. What is the remainder when n is divided by 38?
36
Suppose 7*w - 6*w - 4*x - 3 = 0, 5*w - 5*x = 60. Let g(q) = 2*q - 12. What is the remainder when w is divided by g(8)?
3
Let z = 23 + 51. Suppose 0 = -5*w + z + 1. Calculate the remainder when w is divided by 5.
0
Let a = 5 - 6. Let n be 3 + a + 3 - 2. Suppose -n*w = w - 180. Calculate the remainder when w is divided by 23.
22
Let h(t) = 3*t**3 - 2*t**2 - 3. Let i be h(3). Suppose -i = -x - 2*x. What is the remainder when 384/5 - (-3)/15 is divided by x?
17
Calculate the remainder when (-4 + (0 - 18))*(-5)/10 is divided by 1.
0
Let h(f) = -2 + 4 + 0 + 23*f. Let x be h(5). Suppose x - 12 = 5*p. Calculate the remainder when p is divided by 12.
9
Let k = 45 - 11. Suppose k*t = 35*t - 70. Suppose -j = -19 + 7. What is the remainder when t is divided by j?
10
Let n be 142/7 - ((-24)/14 - -2). Suppose 3*s = w - 24, -3*s + n + 16 = 4*w. Calculate the remainder when 35 is divided by w.
11
Calculate the remainder when (-160)/720 + (-2738)/(-9) is divided by 37.
8
Suppose 4*l = 8, -l = 3*f - 2*l - 139. Let z = -1888 - -1900. What is the remainder when f is divided by z?
11
Let l = 7 + -4. Calculate the remainder when 2 - -4 - 21/7 is divided by l.
0
Suppose -11 = 2*j - 99. What is the remainder when 789 is divided by j?
41
Let v(u) = 2*u**2 + 15*u - 1. Let d(t) = -3*t**2 - 23*t + 1. Let m(s) = 5*d(s) + 7*v(s). What is the remainder when 37 is divided by m(-8)?
9
Let h(t) = -327*t**3 - 7*t**2 + 2*t + 1. Calculate the remainder when h(-1) is divided by 19.
15
Let m(t) = 145*t**2 - 2*t - 1. Let g be m(-1). Let v = -70 + g. Calculate the remainder when v is divided by 13.
11
Let b = 34 + -21. Let m = -4 - -1. Let u = m + b. What is the remainder when 28 is divided by u?
8
Let s be 2*3/8*4. Let r(b) = -b**3 + 4*b**2 + b. What is the remainder when 69 is divided by r(s)?
9
Let f = 23 + -21. Suppose 5*a - f*x + 5 = 32, 0 = 2*a + x - 18. Let i(c) = 2*c**3 + 2*c**2 - 3*c + 2. Calculate the remainder when i(2) is divided by a.
6
Suppose 3*h - 12 - 3 = 0. Let w(z) = 2*z - 8. Let s be w(h). What is the remainder when (s/(-4))/(4/(-104)) is divided by 7?
6
What is the remainder when 207/(-24) + 9 - (-77)/8 is divided by 8?
2
Let x(u) = 5*u - 6. Let g be x(2). Calculate the remainder when (-6)/8 + g/(16/187) is divided by 12.
10
Let i(m) = -m**3 + 9*m**2 - 5*m + 2. Let r be 8 + 4 + -3 - 1. Calculate the remainder when i(r) is divided by 7.
5
Suppose 6*d - 4*d - 7*d = 0. Suppose 5*c - c - 68 = d. Calculate the remainder when c is divided by 7.
3
Let u(o) = -o**3 - 8*o**2 - o + 3. Let x be (-8 - (1 - 1))/(-2 + 3). Calculate the remainder when 40 is divided by u(x).
7
Let z(v) = v**2 - 27*v + 23. Suppose -5*m = -h - 30, -6*m + 86 = -4*h - 3*m. Let k = -12 - h. Calculate the remainder when z(27) is divided by k.
7
Let o = 31 + -29. Suppose 0 = 5*j + o*v - 43, -41 + 9 = -4*j - v. What is the remainder when 12 is divided by j?
5
Let y = -9284 + 9306. Suppose 3*o = 282 - 102. What is the remainder when o is divided by y?
16
Calculate the remainder when (22/(-4))/((-10)/20) is divided by -2 + 0 - -2*3.
3
Let v(w) = w**2 + w. Let s be v(3). Let r = 104 - 95. Calculate the remainder when 1/(-4) + 195/s is divided by r.
7
Suppose 91*k + 60 = 101*k. What is the remainder when k is divided by 5?
1
Suppose -7*u = -3*u + 16, -1 = w + 5*u. What is the remainder when 0 + 6 + 82 - 0 is divided by w?
12
Suppose -3*d - 5*s - 28 = -7*d, 2*s = 4*d - 28. Suppose -2 = -t, 0*o - o + 13 = 2*t. Calculate the remainder when o is divided by d.
2
Let z be 8/(-2)*4/(6 - 14). Suppose -z*n - 5 = -83. Calculate the remainder when n is divided by 20.
19
Suppose -3*h + 224 = 5*c, -2*h = -7*h + 3*c + 328. Let q = -54 + h. Calculate the remainder when 166 is divided by q.
12
Suppose 15 + 51 = 2*t. Suppose 2*d + 300 = 5*o + 105, -4*d - 57 = -o. Suppose 5*x - 8 = o. What is the remainder when t is divided by x?
6
Let y be 0/(1*(1 - 0)). Suppose 99 - 263 = -2*n. Calculate the remainder when n is divided by 3*(y - (-56)/6).
26
Let p(w) = 2*w - 1. Let x(b) = 2*b - 1. Let c(n) = -4*p(n) - x(n). Suppose l = 2*l + 5. What is the remainder when c(l) is divided by 14?
13
Suppose -22 = -2*k + 2*n, 0 = -2*k + 3*k - 3*n - 7. Suppose 5*q - 208 = 4*l, 8*q - 3*l - 162 = 147. What is the remainder when q is divided by k?
10
Suppose -5*t - 3*t + 56 = 0. What is the remainder when ((-10)/(-4))/((-5)/(-50)) is divided by t?
4
Let l(h) = 0*h**2 + 2 + 1 + 0 + h**3 - h - 6*h**2. Let r be l(6). What is the remainder when 68/(-12)*(r + 0) is divided by 9?
8
Let m = 1167 - 1134. What is the remainder when 60 is divided by m?
27
Suppose 5*b - 17 = 3. What is the remainder when 19 is divided by 13/1 - b/2?
8
Suppose x = j + j + 36, -2*x = -j - 12. Let q(b) = -4*b - 52. Calculate the remainder when q(j) is divided by 10.
8
Suppose -4*r + 3*r = -4, 3*o = -3*r + 18. Suppose 5*u + 50 = -o*h + 7*h, 0 = -4*h - 4*u. Calculate the remainder when (40/(-30))/(1/(-6)) is divided by h.
3
What is the remainder when 120/210 - (-731)/7 is divided by 14?
7
Suppose -23*r - 96*r = -45339. Calculate the remainder when r is divided by 136.
109
Let f = 236 + -168. Let g(x) = -x**3 + 8*x**2 + 2*x - 3. Let b be g(8). Suppose 9*o - b*o = -f. Calculate the remainder when 45 is divided by o.
11
Let k = 728 - 713. Calculate the remainder when 129 is divided by k.
9
Suppose -2*y - 3 = -1, 10 = t + 3*y. What is the remainder when 22 is divided by t?
9
Suppose 2*y = r - 0*r + 10, r = 5*y - 19. Suppose 4*g = 4*s + 120, y*g - 3*s - s - 94 = 0. Calculate the remainder when g is divided by (0 - -1)*(1 - -6).
5
Let n = -11 - -289. What is the remainder when n is divided by 71?
65
Let g = -1757 + 1918. Calculate the remainder when g is divided by 6.
5
Suppose 0 = 5*k - 87*z + 88*z - 92, -28 = -k + 3*z. What is the remainder when 71 is divided by k?
14
Suppose -5*o + 3*o = -992. Suppose 4*d + 140 = o. Suppose -4*m + 3*m + h + 23 = 0, 0 = 4*m + 2*h - 92. What is the remainder when d is divided by m?
20
Let c be (-17)/(-3) + (-1)/(-3). Let x(v) = -v**3 + 6*v**2 + 2. Let h be x(c). Let i = h - -107. Calculate the remainder when i is divided by 28.
25
Let w = 25 + -135. Let y = 208 + w. What is the remainder when y is divided by 25?
23
Let r(s) = -42*s**3 - s**2 + 2*s - 1. Let y be r(1). What is the remainder when 7/y - (-55)/6 is divided by (-16)/14*(-91)/26?
1
Let s be (2 + -3)*-9 + 0. Suppose -3*o - n = s, -o + n - 9 = -2. What is the remainder when 78 is divided by 15*1*o/(-3)?
18
Let k(v) = 2*v**2 - 32*v + 11. Calculate the remainder when k(17) is divided by 7.
3
Let o = 772 + -123. Let d = o - 445. Suppose -3*f + d = f. Calculate the remainder when f is divided by 13.
12
Let a be 200/15 + 2/(-6). Suppose -4*g = -a - 47. What is the remainder when g is divided by 6?
3
Let o = 5 - -7. Calculate the remainder when (-8)/(-6) + (-4508)/(-138) is divided by o.
10
Suppose -z - 4*z + 40 = 0. Let b = z + -5. Let l = 9 + b. What is the remainder when l is divided by 7?
5
Let u = 19 + -13. Suppose 6*k = 3*v + 3*k - 54, 90 = 4*v + 2*k. What is the remainder when v is divided by u?
3
Let q = -275 - -310. Calculate the remainder when 91 is divided by q.
21
Suppose -3*v = -5*z - 410, -2*v = -0*z + 4*z - 288. What is the remainder when v is divided by 24?
20
Let v(s) be the first derivative of -15*s**4/2 + s**3/3 + s**2 + s - 12. What is the remainder when 56 is divided by v(-1)?
26
Suppose 4 = -3*j - p, j + 0*p - 4*p = 16. Suppose 4*n + 2*k = -j*k + 16, 5*k - 15 = -5*n. Let d = -13 + 16. What is the remainder when n is divided by d?
2
Let s(q) = 70*q**2 + 21*q. What is the rem